tor of 109 and 9047.
109
What is the greatest common divisor of 70 and 15370?
10
What is the greatest common divisor of 74 and 3202942?
74
Calculate the greatest common factor of 44319 and 561.
561
What is the greatest common factor of 69158 and 906?
302
What is the highest common factor of 213 and 7095?
3
What is the highest common factor of 7096 and 4856?
8
What is the highest common divisor of 7254 and 3822?
78
Calculate the highest common divisor of 1313382 and 168.
42
Calculate the greatest common divisor of 200817 and 45.
9
What is the greatest common factor of 430 and 3980?
10
Calculate the highest common factor of 135 and 1593.
27
Calculate the highest common factor of 3978 and 771426.
306
What is the highest common divisor of 68 and 17901?
17
What is the greatest common factor of 1026952 and 822?
274
Calculate the highest common divisor of 72 and 78072.
24
What is the greatest common divisor of 277050 and 250?
50
What is the greatest common factor of 23 and 975361?
23
What is the highest common factor of 668 and 388108?
668
What is the highest common divisor of 893804 and 18324?
2036
Calculate the greatest common factor of 21475 and 100.
25
What is the highest common divisor of 77 and 624932?
77
Calculate the greatest common factor of 100 and 1475.
25
What is the highest common divisor of 209151 and 748?
17
What is the highest common divisor of 20875 and 4509?
167
What is the highest common divisor of 981573 and 10755?
717
What is the highest common factor of 291 and 194291?
97
What is the greatest common divisor of 678333 and 519?
519
Calculate the highest common divisor of 576 and 20288.
64
Calculate the greatest common factor of 3443 and 165.
11
Calculate the greatest common divisor of 127368 and 432.
72
What is the greatest common divisor of 9285 and 9465?
15
What is the highest common divisor of 84466 and 4396?
314
What is the highest common factor of 5230 and 6870?
10
What is the highest common factor of 10780 and 248920?
980
What is the highest common divisor of 211 and 618230?
211
What is the highest common factor of 31412 and 24?
4
What is the highest common divisor of 61407 and 27?
9
What is the greatest common factor of 591 and 4137?
591
Calculate the highest common factor of 189821 and 83.
83
What is the highest common divisor of 110 and 5230?
10
What is the highest common divisor of 13788 and 1132?
4
Calculate the greatest common factor of 2976 and 4352.
32
What is the highest common divisor of 27336 and 3026?
34
Calculate the greatest common factor of 586 and 150602.
586
What is the highest common factor of 108 and 183006?
54
Calculate the highest common factor of 152304 and 8664.
456
Calculate the greatest common divisor of 152433 and 63.
9
What is the highest common divisor of 468010 and 340?
170
What is the greatest common divisor of 144 and 2124?
36
What is the highest common factor of 3024 and 1792?
112
What is the greatest common divisor of 827458 and 85?
17
Calculate the highest common factor of 387 and 360.
9
What is the highest common divisor of 231500 and 120?
20
Calculate the greatest common factor of 856545 and 2805.
255
Calculate the greatest common factor of 103960 and 126040.
920
Calculate the greatest common factor of 1764 and 129312.
36
What is the highest common factor of 345 and 31947?
69
Calculate the greatest common factor of 235137 and 14.
7
What is the highest common factor of 31058 and 1696?
106
What is the highest common factor of 48 and 6641400?
24
What is the greatest common factor of 990 and 22158?
18
Calculate the highest common divisor of 70 and 253925.
35
Calculate the greatest common factor of 120533 and 603.
67
What is the highest common divisor of 1286 and 197401?
643
What is the highest common factor of 30 and 105010?
10
Calculate the greatest common factor of 303770 and 25.
5
What is the highest common factor of 1908 and 77380?
212
Calculate the highest common factor of 280284 and 12.
12
Calculate the greatest common factor of 180 and 6775.
5
Calculate the highest common divisor of 3974799 and 111.
111
Calculate the highest common factor of 110815 and 185.
185
Calculate the highest common factor of 78 and 30836.
26
What is the greatest common factor of 67842 and 36?
18
Calculate the greatest common divisor of 433987 and 69.
23
What is the highest common factor of 2405 and 2288820?
185
Calculate the greatest common factor of 14 and 11767.
7
What is the highest common factor of 13 and 32149?
13
Calculate the greatest common factor of 204 and 124848.
204
What is the greatest common divisor of 3800 and 532?
76
What is the greatest common divisor of 20 and 1806605?
5
What is the greatest common factor of 6 and 411?
3
What is the greatest common factor of 624 and 2834?
26
What is the greatest common factor of 27 and 321?
3
Calculate the greatest common divisor of 561 and 2871.
33
Calculate the highest common factor of 62677 and 699.
233
Calculate the greatest common factor of 8468 and 4088.
292
Calculate the highest common factor of 516 and 1054704.
516
Calculate the highest common divisor of 539598 and 2502.
834
What is the highest common divisor of 67 and 152023?
67
What is the highest common divisor of 278378 and 362?
362
Calculate the highest common divisor of 18792 and 112984.
232
What is the greatest common factor of 371284 and 8?
4
Calculate the greatest common factor of 8630 and 2979076.
1726
What is the highest common factor of 357 and 1695087?
51
What is the greatest common factor of 4142 and 3667?
19
Calculate the greatest common divisor of 206 and 25750.
206
Calculate the highest common factor of 196 and 244363.
49
Calculate the highest common factor of 13355 and 70.
5
Calculate the greatest common divisor of 6413 and 726.
121
Calculate the highest common divisor of 36378 and 564.
282
What is the greatest common divisor of 1374 and 78?
6
What is the greatest common divisor of 42 and 23163?
21
Calculate the highest common factor of 30 and 450390.
30
Calculate the greatest common factor of 514 and 3512933.
257
What is the greatest common factor of 95490 and 36?
18
Calculate the highest common factor of 24973 and 1768.
221
Calculate the greatest common divisor of 637 and 10976.
49
What is the greatest common factor of 2907438 and 3114?
1038
Calculate the greatest common divisor of 7242 and 13056.
102
Calculate the highest common divisor of 12677 and 98.
7
Calculate the greatest common divisor of 52475 and 200.
25
What is the highest common factor of 145 and 1359?
1
Calculate the highest common factor of 12321 and 40293.
333
What is the highest common factor of 1096822 and 274?
274
What is the greatest common divisor of 456 and 282?
6
Calculate the greatest common divisor of 81420 and 51684.
708
What is the highest common divisor of 12271139 and 251?
251
Calculate the greatest common divisor of 684 and 520866.
342
What is the greatest common factor of 17820 and 4345?
55
Calculate the greatest common divisor of 40 and 7960.
40
What is the greatest common divisor of 452 and 289845?
113
Calculate the greatest common factor of 167 and 391281.
167
What is the highest common factor of 1248 and 50448?
48
Calculate the highest common factor of 74 and 501979.
37
What is the highest common divisor of 2296096 and 22?
22
Calculate the greatest common factor of 6647 and 92.
23
What is the highest common divisor of 8897 and 62?
31
What is the greatest common factor of 4 and 55028?
4
Calculate the greatest common factor of 248 and 5983.
31
What is the greatest common factor of 15352 and 11096?
152
What is the highest common factor of 153 and 774720?
9
Calculate the greatest common factor of 3302254 and 254.
254
Calculate the greatest common divisor of 12580 and 186665.
185
Calculate the highest common divisor of 2506570 and 20.
10
What is the greatest common divisor of 9688 and 894929?
1211
What is the highest common factor of 57318 and 7626?
246
Calculate the greatest common divisor of 24794 and 735.
49
Calculate the highest common factor of 1280 and 18496.
64
What is the greatest common factor of 3 and 548319?
3
Calculate the highest common factor of 521 and 8262539.
521
What is the highest common factor of 60976 and 32?
16
What is the highest common divisor of 145 and 199259?
29
What is the